 v/2)?
1
Suppose 110 - 2270 = -18*l. What is the units digit of l?
0
Suppose -5*s - 6 = 59. Let r = 13 + s. Suppose 4*y + 39 = 3*g - 22, -g - 2*y + 37 = r. What is the tens digit of g?
2
Let a be (-2 - -2)/(-2) - -2. Suppose -a*v - 16 = 2*v. What is the units digit of 1256/52 + v/26?
4
Suppose -2*c - 10*m - 10 = -6*m, 0 = -c + 4*m + 25. Let s = -10 - -16. Suppose c = s*n - 7. What is the units digit of n?
2
Suppose -3*j - 458 = -1778. What is the units digit of j?
0
Suppose 2*i = 2*o - 1798, 18*i - 19*i = 1. What is the tens digit of o?
9
Let o = 12 + -13. Let i be 15 + o + 12/3. Suppose -c - 4*u + i = 2, 3*c - 4*u = 64. What is the tens digit of c?
2
Let t(w) = 52*w**2 + 69*w + 509. What is the tens digit of t(-8)?
8
Let c(k) = -k**3 + 3*k**2 + 17*k + 11. Let a be c(6). Suppose 3*y = a*u + y - 755, 0 = -3*y. What is the tens digit of u?
5
Suppose -5*z - 4 = 11. What is the hundreds digit of 138 + z - 0 - 4/4?
1
Suppose -4*c + 4 = o - 3, 3*o + 3 = -4*c. Let j be c + (0 + 4)/4. Suppose 8 + j = 3*w. What is the units digit of w?
4
Let q be (165 + 0)*(-8)/(-5). Suppose 0 = 4*b + 4*d - q, 4*b - 2*d - 228 = 3*d. Let m = b + -40. What is the tens digit of m?
2
Let c be 4*((-9)/(-3) + -5). Suppose o + 2 = 0, -3*q + 7*q = -5*o - 2. What is the units digit of q - (-3)/((-3)/c)?
0
Suppose -54*p + 60*p - 2268 = 0. What is the hundreds digit of p?
3
Let y(q) = q**3 - 26*q**2 - 44*q + 3. What is the thousands digit of y(29)?
1
Let w = -7 + 9. Suppose -5 = -w*n + 7. Suppose -2*t + 2*o - 7*o = -56, -t = -3*o - n. What is the units digit of t?
8
Let k(u) = -7*u + 12. Let c be 3 + (16/4 - 18). What is the tens digit of k(c)?
8
Suppose y = 1755 + 1683. What is the hundreds digit of y?
4
Suppose -59 - 169 = 4*t. Let b = -30 - t. Let s = b + -17. What is the units digit of s?
0
Let i be (-1 + (-12)/20)*5. Let a(x) = -5*x - 6. Let q be a(i). Let g = 54 - q. What is the units digit of g?
0
Suppose 12*b - 18*b = -2514. What is the tens digit of b?
1
Suppose -9145 = 15*z - 20*z + 4*s, 5*s = -4*z + 7357. What is the units digit of z?
3
Suppose 36 = -11*g + 7*g. Let r = 16 + g. Let y(i) = -i**3 + 6*i**2 + 9*i - 4. What is the tens digit of y(r)?
1
Suppose 2*q + 3 - 13 = 0. Let g(l) = -2 - 27*l + l**3 + 3 + 23*l - 4*l**2. What is the units digit of g(q)?
6
Suppose -7*p + 294 = 714. What is the tens digit of (260/p)/((-2)/108)?
3
Let y(l) = l**2 - 12*l - 136. What is the units digit of y(24)?
2
Let b = 5 + -1. Let u = b + -13. What is the units digit of (-6)/(-9) + (-246)/u?
8
Let c be 35/10 + (-2)/(-4). Suppose -3*v + 2 = -i - 25, 0 = 3*v - c*i - 36. What is the units digit of v?
8
Let c(s) = 11*s**2 + 33*s - 127. What is the tens digit of c(-22)?
7
Let w(h) = 4*h**2 - 5*h - 20. Let j = 1 - -5. What is the units digit of w(j)?
4
What is the tens digit of (-6 + (-132)/15)/((-6)/540)?
3
Let t = -15 - -20. Suppose -4*z = -t*z. Suppose 5*f + z = -2*c - 3, -2*c + 12 = 2*f. What is the units digit of c?
1
Let y(p) = -5*p + 10. Let k be y(-10). Suppose 0 = -5*g + 15 + k. Suppose g = 3*b + 2*m, 0 = 3*m - 4 - 5. What is the units digit of b?
3
Let d(f) = 6*f + 32. Let o be d(-6). What is the units digit of 275 - (1 - -15)/o?
9
Suppose -8298 = -9*i - 0*i. What is the units digit of i?
2
Let f be (-1*2)/((-12)/(-18)). Let g(x) = -x - 3. Let q be g(f). Suppose -d - 5*s + 20 = 0, q*s - 2*s + 56 = 2*d. What is the tens digit of d?
3
Let g(v) = -4*v - 8. Let s be g(-8). Suppose -2*m = -4*t - s - 4, 2*m - 3*t - 25 = 0. What is the units digit of m?
8
Let w(q) = 65*q + 44. What is the tens digit of w(12)?
2
Let t(d) = d**3 + 5*d**2 + 4*d - 1. Let w be t(-3). Suppose h = -5*i + 45, w*h - i - 85 = 2*i. Let y = h - 14. What is the units digit of y?
6
Suppose 1670 = 4*g - 2*s, -5*g + 857 = 5*s - 1208. What is the units digit of g?
6
Suppose -y = -122*r + 126*r - 4187, -y + 5234 = 5*r. What is the hundreds digit of r?
0
Let h be -242 - (-3)/((-3)/(-2)). Let l be 0 + h/(-4)*1. Suppose -4*v - 2*x + l = 3*x, -v + 2*x + 15 = 0. What is the units digit of v?
5
Let z be -3*(-47 - -4)*1/(-3). Let g = 84 + z. What is the tens digit of g?
4
Suppose 0 = -5*y + 5*h + 50, -3*y - 4*h = -0*y - 2. Suppose 0 = 23*i - 103 - 242. Suppose 0 = -f + y + i. What is the tens digit of f?
2
Let a = 15 + -10. Suppose -3*r + 77 = 3*s + 2, s - 4*r = a. What is the units digit of s?
1
What is the hundreds digit of (7 + -17 + 12)*8962/4?
4
Suppose -5*s - 6 = -2*s. What is the tens digit of (-15)/(-10) - 127/s?
6
Let w = -76 + 281. What is the hundreds digit of w?
2
Suppose -10 = 2*t - 4*t + 2*u, -3*u - 18 = -4*t. What is the tens digit of 40/t - (-6)/9?
1
Let f(d) = d**3 + 7*d**2 + 10*d - 1. Let r(w) = w**3 - w + 1. Let u(c) = f(c) - 2*r(c). What is the units digit of u(8)?
9
Suppose 3*c - 3*t = 351, c - 64 = 4*t + 59. Let q = c - 94. What is the units digit of q?
1
Suppose 57*l = 28*l + 64032. What is the hundreds digit of l?
2
Let b = 15 - 14. Let r be b + (6/(-1))/(-2). Suppose -f = 1 - r, 0 = -2*a - f + 15. What is the units digit of a?
6
Let x be 58/4 + 5/10. Let f be (-232)/(-5) + 9/x. Let p = -12 + f. What is the tens digit of p?
3
Let i be (248/24)/(1/3). Suppose 0 = -q - 3*k + i, -4*k + 80 = 2*q - 7*k. What is the tens digit of q?
3
Suppose 95 = -8*u + 3*u. Let f be 168/(-152) - 2/u. What is the tens digit of 1 + 33 + 5 + f?
3
Let v(w) = -2*w + 5. Let m be v(-5). Suppose 5*t + m = 65. Let u(z) = -z**2 + 14*z + 2. What is the tens digit of u(t)?
4
Let h(t) = -2*t**3 + 18*t**2 + 3*t + 4. Let y(j) = 4*j - 41. Let n be y(12). What is the hundreds digit of h(n)?
2
Let z = -49 + 211. What is the units digit of z?
2
Let c = 28 - 26. Let g(a) = -4*a + 2*a**2 - 6*a - 4 + c*a + a. What is the units digit of g(6)?
6
What is the tens digit of (-6 - (-1110)/(-12))*-4?
9
Let b be ((-3)/2)/((-6)/4). Suppose -3 = -d - b. What is the units digit of d?
2
Suppose -243 = -8*a + 1837. What is the hundreds digit of a?
2
Let l(b) = -4*b**3 - b + 1. Let r(m) = 5*m**3 + m - 1. Let p(j) = 3*l(j) + 4*r(j). What is the units digit of p(2)?
5
Let d be (1 - 4)*(-2)/(-3). Let q be (-40)/(-15) + d/(-6). What is the units digit of q*(21/9 + -2)?
1
Let u = 1408 + -112. What is the tens digit of u?
9
Suppose -9*m - 4959 = -28*m. What is the tens digit of m?
6
Let h be -6 + 8 - (-4)/2. Suppose 4*w + 4*u = 16, 2*w + 8 = 4*w - h*u. What is the tens digit of 28/w*7*1?
4
Suppose 3*f = 5*a - 36 - 114, f - 2*a + 50 = 0. What is the tens digit of -1*(f + 15/5)?
4
Suppose 2*w + 2*i + 4 = 4*w, -i = -5*w + 26. Suppose 5*f - f = r + w, 4*r - 18 = -5*f. What is the units digit of f?
2
Let d(i) = -3*i**3 + 7*i**2 - 9 - 10*i**3 + 6*i + 23*i**3 - 11*i**3. What is the units digit of d(7)?
3
Let r = -2256 + 3779. What is the units digit of r?
3
Suppose 3*n = 4*z + 184 - 1082, -4*n + 686 = 3*z. What is the units digit of z?
6
Let m(w) = -94*w - 40. What is the tens digit of m(-4)?
3
Let c = -730 + 1320. What is the units digit of c?
0
What is the units digit of (-369684)/(-135) - 4*2/20?
8
Let l be 1*(-1 + 3) - 1. What is the tens digit of l/4 + 282/24?
1
Let c(w) be the first derivative of 8*w**3/3 + w**2/2 - 2*w + 19. Let u = 6 + -4. What is the units digit of c(u)?
2
Let n(l) = -2*l**2 - 6*l - 2. Let r be n(-2). Suppose 7*o - 54 = 4*o + 3*p, 5*o = -r*p + 125. What is the tens digit of o?
2
Let r(o) = -6*o**3 - 4*o**2 - 5*o + 19. What is the units digit of r(-6)?
1
Let x = -11409 - -16005. What is the tens digit of x?
9
Let p = -29 - 55. Let f = p + 162. What is the tens digit of f?
7
Let z(m) = 23*m + 29. Let v be z(-5). Let f = v + 120. What is the tens digit of f?
3
Let c be (12/9)/((-2)/(-3)). Suppose 5*o = -3*m + 203, m - 71 = -c*o + o. Suppose 2*t = 2*g - m, -2*t + t = -2*g + 73. What is the tens digit of g?
3
Let x = 2 - -1. Suppose 899 - 284 = x*v. Suppose 5*k - v = -5*o, -4*k - 3 - 13 = -o. What is the units digit of o?
6
Suppose -345*t = -361*t + 97728. What is the hundreds digit of t?
1
Suppose 46*t = 31 + 9399. What is the units digit of t?
5
Let y be -1 + (-4)/(-12) - 56/6. Let o = 17 - y. What is the units digit of o?
7
Let u(p) = -p**2 - 29*p + 63. Let v be u(-31). Let r(h) = 255*h**2 + 3*h - 4. What is the tens digit of r(v)?
5
Let o(w) = -3*w**3 - 4*w**2 - 39*w - 12. What is the thousands digit of o(-7)?
1
Suppose -3*y + 3*o = -975, -2*y - 4